{"id":82,"date":"2023-12-30T19:04:43","date_gmt":"2023-12-30T18:04:43","guid":{"rendered":"https:\/\/minastur.es\/?page_id=82"},"modified":"2024-10-15T21:41:00","modified_gmt":"2024-10-15T20:41:00","slug":"entradas-y-logistica","status":"publish","type":"page","link":"https:\/\/minastur.es\/index.php\/entradas-y-logistica\/","title":{"rendered":"Entradas y Log\u00edstica"},"content":{"rendered":"\n<h3 class=\"wp-block-heading alignwide has-text-align-center\" id=\"we-re-a-studio-in-berlin-with-an-international-practice-in-architecture-urban-planning-and-interior-design-we-believe-in-sharing-knowledge-and-promoting-dialogue-to-increase-the-creative-potential-of-collaboration\" style=\"font-size:48px;line-height:1.1\"><strong>ENTRADAS Y LOG\u00cdSTICA DEL EVENTO<\/strong><\/h3>\n\n\n\n<p>Fechas: El festival de reclutamiento de Minas-Tur se celebrar\u00e1 del <strong>4 al 6 de Abril de 2025<\/strong><\/p>\n\n\n\n<p>Entradas:<\/p>\n\n\n\n<ul class=\"wp-block-list\">\n<li>Entrada adulto &#8211; 175 euros (*)<\/li>\n<\/ul>\n\n\n\n<ul class=\"wp-block-list\">\n<li>Entrada infantil &#8211; 110 euros (*) (plazas limitadas. contactar con la organizaci\u00f3n)<\/li>\n<\/ul>\n\n\n\n<p>(*) La entrada incluye alojamiento y pensi\u00f3n completa desde la cena del viernes a la comida del domingo.<\/p>\n\n\n\n<p>La recepci\u00f3n al evento se abrir\u00e1 a partir de las 17:00 de la tarde del viernes 4 y el juego comenzar\u00e1 a la hora de la cena.<\/p>\n\n\n\n<ul class=\"wp-block-list\">\n<li>Para una mejor ambientaci\u00f3n se recomienda llevar <strong>copa o cuerno<\/strong> para la taberna. No es necesario aportar menaje de comidas, el albergue dispone de ello.<\/li>\n\n\n\n<li>Las literas disponen de s\u00e1bana bajera, almohada y cobertores. Pero es necesario llevar saco de dormir. <\/li>\n<\/ul>\n\n\n\n<br>\n\n\n\n<br>\n\n\n\n<h3 class=\"wp-block-heading alignwide has-text-align-center\" id=\"we-re-a-studio-in-berlin-with-an-international-practice-in-architecture-urban-planning-and-interior-design-we-believe-in-sharing-knowledge-and-promoting-dialogue-to-increase-the-creative-potential-of-collaboration\" style=\"font-size:48px;line-height:1.1\"><strong>LOCALIZACI\u00d3N<\/strong><\/h3>\n\n\n\n<p>Localizaci\u00f3n: Albergue Los Avellanos. Pilo\u00f1a, Asturias. <a href=\"https:\/\/www.albergue-asturias.es\/\" target=\"_blank\" rel=\"noreferrer noopener\">http<\/a><a href=\"https:\/\/www.albergue-asturias.es\/\">s:\/\/www.albergue-asturias.es\/<\/a><\/p>\n\n\n\n<div class=\"wp-block-media-text is-stacked-on-mobile\" style=\"grid-template-columns:43% auto\"><figure class=\"wp-block-media-text__media\"><img loading=\"lazy\" decoding=\"async\" width=\"1024\" height=\"577\" src=\"http:\/\/minastur.es\/wp-content\/uploads\/2023\/12\/Captura-de-Pantalla-2023-12-31-a-las-16.34.45-1024x577.png\" alt=\"\" class=\"wp-image-191 size-full\" srcset=\"https:\/\/minastur.es\/wp-content\/uploads\/2023\/12\/Captura-de-Pantalla-2023-12-31-a-las-16.34.45-1024x577.png 1024w, https:\/\/minastur.es\/wp-content\/uploads\/2023\/12\/Captura-de-Pantalla-2023-12-31-a-las-16.34.45-300x169.png 300w, https:\/\/minastur.es\/wp-content\/uploads\/2023\/12\/Captura-de-Pantalla-2023-12-31-a-las-16.34.45-768x433.png 768w, https:\/\/minastur.es\/wp-content\/uploads\/2023\/12\/Captura-de-Pantalla-2023-12-31-a-las-16.34.45-1536x866.png 1536w, https:\/\/minastur.es\/wp-content\/uploads\/2023\/12\/Captura-de-Pantalla-2023-12-31-a-las-16.34.45-2048x1155.png 2048w\" sizes=\"auto, (max-width: 1024px) 100vw, 1024px\" \/><\/figure><div class=\"wp-block-media-text__content\">\n<p>El albergue los avellanos se encuentra en pilo\u00f1a, Asturias. A 50 minutos tanto de Gij\u00f3n como de Oviedo. Cuenta con habitaciones de literas para grupos de 6 personas con ba\u00f1o y calefacci\u00f3n.<\/p>\n\n\n\n<p>*<strong> IMPORTANTE: <\/strong>El albergue no dispone de cobertura m\u00f3vil por situarse en medio de un valle con dif\u00edcil acceso de la se\u00f1al. Se proporcionara el tel\u00e9fono del lugar para emergencias y puede accederse a cobertura a diez minutos en la poblaci\u00f3n mas cercana. (Espinaredo)<\/p>\n\n\n\n<p>* Esta <strong>prohibido<\/strong> introducir bebidas alcoh\u00f3licas ajenas al albergue, pero estar\u00e1 disponible un servicio de taberna on-rol a ciertas horas del d\u00eda para consumiciones fuera de las comidas, en la cual se podr\u00e1 disponer de cerveza, hidromiel y refrescos.<\/p>\n\n\n\n<br>\n<\/div><\/div>\n\n\n\n<br>\n\n\n\n<h3 class=\"wp-block-heading alignwide has-text-align-center\" id=\"we-re-a-studio-in-berlin-with-an-international-practice-in-architecture-urban-planning-and-interior-design-we-believe-in-sharing-knowledge-and-promoting-dialogue-to-increase-the-creative-potential-of-collaboration\" style=\"font-size:48px;line-height:1.1\"><strong>CONTACTO<\/strong><\/h3>\n\n\n\n<p class=\"has-text-align-center\" style=\"font-size:30px\">\u2709\ufe0f <a href=\"mailto:org@minastur.es\" target=\"_blank\" rel=\"noreferrer noopener\">org@minastur.es<\/a><\/p>\n","protected":false},"excerpt":{"rendered":"<p>ENTRADAS Y LOG\u00cdSTICA DEL EVENTO Fechas: El festival de reclutamiento de Minas-Tur se celebrar\u00e1 del 4 al 6 de Abril de 2025<\/p>\n<p class=\"link-more\"><a class=\"myButt \" href=\"https:\/\/minastur.es\/index.php\/entradas-y-logistica\/\">Leer m\u00e1s<\/a><\/p>\n","protected":false},"author":2,"featured_media":0,"parent":0,"menu_order":0,"comment_status":"closed","ping_status":"closed","template":"","meta":{"footnotes":""},"class_list":["post-82","page","type-page","status-publish","hentry"],"_links":{"self":[{"href":"https:\/\/minastur.es\/index.php\/wp-json\/wp\/v2\/pages\/82","targetHints":{"allow":["GET"]}}],"collection":[{"href":"https:\/\/minastur.es\/index.php\/wp-json\/wp\/v2\/pages"}],"about":[{"href":"https:\/\/minastur.es\/index.php\/wp-json\/wp\/v2\/types\/page"}],"author":[{"embeddable":true,"href":"https:\/\/minastur.es\/index.php\/wp-json\/wp\/v2\/users\/2"}],"replies":[{"embeddable":true,"href":"https:\/\/minastur.es\/index.php\/wp-json\/wp\/v2\/comments?post=82"}],"version-history":[{"count":16,"href":"https:\/\/minastur.es\/index.php\/wp-json\/wp\/v2\/pages\/82\/revisions"}],"predecessor-version":[{"id":336,"href":"https:\/\/minastur.es\/index.php\/wp-json\/wp\/v2\/pages\/82\/revisions\/336"}],"wp:attachment":[{"href":"https:\/\/minastur.es\/index.php\/wp-json\/wp\/v2\/media?parent=82"}],"curies":[{"name":"wp","href":"https:\/\/api.w.org\/{rel}","templated":true}]}}